{"id":7,"date":"2025-12-06T22:35:39","date_gmt":"2025-12-06T21:35:39","guid":{"rendered":"https:\/\/captaldebuch.fr\/?page_id=7"},"modified":"2025-12-07T22:40:15","modified_gmt":"2025-12-07T21:40:15","slug":"7-2","status":"publish","type":"page","link":"https:\/\/captaldebuch.fr\/","title":{"rendered":""},"content":{"rendered":"\n<div class=\"wp-block-cover alignfull has-accent-1-color has-text-color has-link-color wp-elements-93b6429d78eacbb622ad3e00f030eb41\" style=\"margin-top:0;margin-bottom:0;padding-top:200px;padding-right:var(--wp--preset--spacing--50);padding-bottom:200px;padding-left:var(--wp--preset--spacing--50);min-height:100vh;aspect-ratio:unset;\"><img loading=\"lazy\" decoding=\"async\" width=\"1024\" height=\"768\" class=\"wp-block-cover__image-background wp-image-9 size-large\" alt=\"\" src=\"https:\/\/captaldebuch.fr\/wp-content\/uploads\/2025\/12\/IMG_7270-1024x768.jpeg\" data-object-fit=\"cover\" srcset=\"https:\/\/captaldebuch.fr\/wp-content\/uploads\/2025\/12\/IMG_7270-1024x768.jpeg 1024w, https:\/\/captaldebuch.fr\/wp-content\/uploads\/2025\/12\/IMG_7270-300x225.jpeg 300w, https:\/\/captaldebuch.fr\/wp-content\/uploads\/2025\/12\/IMG_7270-768x576.jpeg 768w, https:\/\/captaldebuch.fr\/wp-content\/uploads\/2025\/12\/IMG_7270-1536x1152.jpeg 1536w, https:\/\/captaldebuch.fr\/wp-content\/uploads\/2025\/12\/IMG_7270-2048x1536.jpeg 2048w\" sizes=\"auto, (max-width: 1024px) 100vw, 1024px\" \/><span aria-hidden=\"true\" class=\"wp-block-cover__background has-background-dim-10 has-background-dim\" style=\"background-color:#6e6a81\"><\/span><div class=\"wp-block-cover__inner-container has-global-padding is-layout-constrained wp-container-core-cover-is-layout-d47c59a2 wp-block-cover-is-layout-constrained\">\n<h3 class=\"wp-block-heading has-text-align-center has-xx-large-font-size\">le Captal de Buch<\/h3>\n\n\n\n<p class=\"has-text-align-center has-small-font-size\">Ce site a \u00e9t\u00e9 cr\u00e9\u00e9 pour transmettre les informations de la mission du Captal de Buch honoraire, ses actualit\u00e9s et communications relatives \u00e0 la vie en pays de Buch.<\/p>\n\n\n\n<div class=\"wp-block-buttons is-content-justification-center is-layout-flex wp-container-core-buttons-is-layout-a89b3969 wp-block-buttons-is-layout-flex\"><\/div>\n<\/div><\/div>\n\n\n\n<p><\/p>\n\n\n\n<p><\/p>\n","protected":false},"excerpt":{"rendered":"","protected":false},"author":1,"featured_media":0,"parent":0,"menu_order":0,"comment_status":"closed","ping_status":"closed","template":"","meta":{"footnotes":""},"class_list":["post-7","page","type-page","status-publish","hentry"],"_links":{"self":[{"href":"https:\/\/captaldebuch.fr\/index.php\/wp-json\/wp\/v2\/pages\/7","targetHints":{"allow":["GET"]}}],"collection":[{"href":"https:\/\/captaldebuch.fr\/index.php\/wp-json\/wp\/v2\/pages"}],"about":[{"href":"https:\/\/captaldebuch.fr\/index.php\/wp-json\/wp\/v2\/types\/page"}],"author":[{"embeddable":true,"href":"https:\/\/captaldebuch.fr\/index.php\/wp-json\/wp\/v2\/users\/1"}],"replies":[{"embeddable":true,"href":"https:\/\/captaldebuch.fr\/index.php\/wp-json\/wp\/v2\/comments?post=7"}],"version-history":[{"count":2,"href":"https:\/\/captaldebuch.fr\/index.php\/wp-json\/wp\/v2\/pages\/7\/revisions"}],"predecessor-version":[{"id":20,"href":"https:\/\/captaldebuch.fr\/index.php\/wp-json\/wp\/v2\/pages\/7\/revisions\/20"}],"wp:attachment":[{"href":"https:\/\/captaldebuch.fr\/index.php\/wp-json\/wp\/v2\/media?parent=7"}],"curies":[{"name":"wp","href":"https:\/\/api.w.org\/{rel}","templated":true}]}}